ate the highest common factor of 3 and v.
3
Let r be (-1)/(3/21*-1). Suppose f = -b, -2*b + r*b = -2*f + 6. Let x = -38 + 56. Calculate the greatest common factor of x and b.
2
Suppose -5*s + 5*b + 45 = 0, 5*s + 4*b = -0*b + 54. Let q = s - 5. Suppose 5*f - 117 = 2*f - w, -w + 37 = f. Calculate the highest common factor of f and q.
5
Suppose -b = -5*d - 0*b + 44, -d + 2*b + 7 = 0. Let c(z) = z**3 - 10*z**2 + 8*z + 11. Let w be c(d). What is the highest common divisor of w and 10?
2
Suppose -3*b = -2*b - 4. Let o(l) = 14*l + 2. Let x be o(1). Suppose -b*z + 12 = -x. What is the highest common factor of z and 77?
7
Let w be (-2 + 32/10)*(-300)/(-45). Calculate the highest common divisor of 32 and w.
8
Let p(j) = 6*j + 27. Let m be p(-2). Calculate the highest common divisor of 10 and m.
5
Let w(c) = -c**3 - 9*c**2 + 9*c - 3. Let h = -17 + 7. Let b be w(h). Let y be (-1*1)/(2/(-2)). Calculate the highest common divisor of b and y.
1
Let a(q) = 6*q**2 + 3. Let t be a(4). What is the greatest common factor of t and 11?
11
Let x be 1 - 3 - (-13 - 5). Suppose -2*l - 2*h = 12 + 4, -x = -3*l + 5*h. Let g be (2 - l/(-6))*6. What is the highest common factor of g and 6?
3
Let t(d) = 3*d**2 - 2*d - 41. Let c be t(-7). Calculate the greatest common factor of c and 72.
24
Let r be ((-12)/(-3))/(-2) + 51. Suppose 4*h = -4*b + 44, -3*h + r - 4 = 5*b. Let f be b - (0 + 0) - -2. Calculate the highest common divisor of f and 56.
8
Suppose -4*b + 3*b + 5 = 0. Calculate the highest common divisor of b and 25.
5
Suppose -2*l + 89 = -23. What is the greatest common factor of l and 7?
7
Suppose 5*v - 9 = -4*q + 91, -2*q + 60 = 3*v. Calculate the highest common factor of 30 and v.
10
Suppose -4*g + 257 = 157. What is the highest common factor of g and 15?
5
Suppose 0 = 2*l - 2*y - 12, y + 5 = -4*l + 44. Let w be (-25)/(-9) - (-2)/l. Suppose a + 1 - w = 0. Calculate the greatest common factor of 22 and a.
2
Suppose -3*l = -3*x - 2*x - 488, 2*x = -l - 204. Let a be 1/(-3) + x/(-3). Calculate the highest common factor of a and 3.
3
Let q be 1/(-3) + (-28)/(-3). Let h be (2 + q/(-12))*-20. Let g = -14 - h. Calculate the greatest common divisor of 121 and g.
11
Let b = 458 + -208. What is the greatest common divisor of b and 10?
10
Let n = 34 + -17. Let b = 47 - -72. What is the highest common divisor of n and b?
17
Let r = 1 + -1. Suppose 2*b = 0, 8 = 4*t - 3*b - r. Suppose -20 = -t*s + 4. What is the greatest common divisor of s and 30?
6
Let s(n) = 7*n + 11. Let k be s(12). Calculate the highest common divisor of 38 and k.
19
Suppose 210 = r + 6*r. Suppose 2*h + 0 = 20. What is the greatest common divisor of h and r?
10
Let g = -97 - -113. Calculate the greatest common factor of g and 80.
16
Let y = -70 - -133. What is the greatest common factor of y and 9?
9
Suppose 0 = 5*d - 123 - 227. What is the greatest common factor of d and 14?
14
Let g(a) = 3*a**2 - 2. Let h be g(-2). What is the greatest common factor of h and 70?
10
Suppose -2*w - 625 = -6*w - 5*u, 3*w + 4*u = 468. What is the highest common divisor of w and 16?
16
Let n(x) = x**2 + 13*x + 16. Let a be n(-13). Calculate the highest common divisor of 128 and a.
16
Suppose 5*c - 158 = -8. What is the highest common divisor of 75 and c?
15
Suppose -3*p + 9 + 3 = 0. Let i be (330/p)/(5/10). What is the greatest common divisor of i and 15?
15
Let i(h) = -h**2 + 7*h + 1. Let t be i(7). Let l be (6/(-2))/(-3 - (-36)/15). Calculate the greatest common factor of t and l.
1
Suppose 196 - 34 = 2*v. What is the greatest common divisor of v and 9?
9
Suppose 5*o + 5*r - 192 = 148, 5*o - r - 322 = 0. Calculate the greatest common divisor of 26 and o.
13
Let u(d) = -d**3 + d**2 + 3*d. Let v be u(-3). What is the greatest common factor of v and 9?
9
Let w(h) = 7*h**2 + 2. Suppose 13 = -5*y + 3. Let m be w(y). What is the highest common factor of m and 6?
6
Suppose 245 = 2*p + w - 33, w + 2 = 0. Suppose -3*k + p = k. Calculate the highest common divisor of k and 5.
5
Suppose -3*h - 9 - 63 = -3*v, 4*v = -4*h + 56. Calculate the greatest common factor of v and 133.
19
Let o = -33 - -39. Calculate the highest common factor of 30 and o.
6
Let y = 36 + -25. Let x(u) = 2*u**2 + 6*u - 9. Suppose 7 + 5 = 2*w. Let p be x(w). What is the highest common factor of y and p?
11
Let a(u) = 3*u**2 + 2*u - 1. Let f be a(1). Let k be (3/2 + -1)*f. Calculate the highest common factor of k and 2.
2
Let j = -57 - -68. Calculate the highest common factor of j and 88.
11
Suppose 5*h - 2 + 7 = 0, 4*d - 2*h - 202 = 0. Calculate the greatest common divisor of 150 and d.
50
Suppose 6*r - 25 - 1697 = 0. What is the highest common divisor of r and 41?
41
Let y = 88 + -50. Suppose -y - 3 = -3*p - w, -5*p - w + 71 = 0. What is the highest common divisor of p and 60?
15
Let z = -27 - -45. Suppose 0 = 6*x - 8*x + 4*l + 328, 3*x + l - 485 = 0. Calculate the greatest common divisor of x and z.
18
Suppose l = -4*l + 10. Let g = l - 1. Let m be (g + -2)/((-3)/42). What is the greatest common divisor of m and 35?
7
Suppose -i = -5*h + 380, i + 3*i - 380 = -5*h. Let v = 186 - h. Suppose -v = -2*l - 3*l. Calculate the greatest common divisor of 11 and l.
11
Suppose -85 - 65 = -2*z. What is the greatest common divisor of z and 50?
25
Let y(t) = t**3 + 6*t**2 + 3*t + 3. Let c be y(-4). What is the greatest common factor of 23 and c?
23
Let t be 2/3*90/4. Suppose -4 + 43 = -3*r. Let l = -3 - r. What is the greatest common factor of l and t?
5
Let o be (1 + (-8)/(-3))*-6. Let p be -4*(o/8 - -2). What is the greatest common divisor of p and 12?
3
Let k = -19 - -10. Let y be (-10)/(-6) + 6/k. Suppose -2 - y = -3*w. What is the highest common factor of 4 and w?
1
Let h(y) = 4*y - 16. Let n be h(13). Calculate the highest common factor of 27 and n.
9
Suppose j - 3*j = -138. Let r = 25 + 17. Suppose 4*c + r = 2*v + 6*c, -4*v + j = -c. What is the highest common divisor of 162 and v?
18
Let q(p) = -2*p + 36. Let a be q(-12). What is the highest common factor of 20 and a?
20
Let g(v) = 3*v**3 + v. Let y be g(-1). Let i be 5 + (-1)/((-2)/y). Suppose 9 + 42 = 3*m - o, -51 = -i*m - 3*o. What is the highest common divisor of m and 187?
17
Suppose o = -3*n - n - 13, 3*o + 4*n = 1. Suppose -5*p = -3*p - 2*h - 18, 2*p - 23 = h. What is the greatest common divisor of p and o?
7
Let s(k) = -2*k - 4. Let u be s(-4). Let n be 33 - (0 + -3)/1. Calculate the greatest common divisor of u and n.
4
Let t = 58 + -48. What is the greatest common factor of t and 40?
10
Suppose -9 + 29 = r + 2*s, 2*r - 67 = 5*s. Suppose -3*p - 2*y = 2*p - r, 5*p - 3*y = 11. Suppose p*f - 6 = 3*f. What is the highest common factor of 2 and f?
2
Let j(i) = -i - 10. Let c be j(-12). Suppose p + 5 = 0, -c*r - 5*p + 2*p = 3. Calculate the greatest common divisor of r and 2.
2
Suppose -4*m + 96 = 2*s, 5*m = -2*s + 88 + 5. Calculate the greatest common factor of 6 and s.
6
Let u be (25 + 3)*(1 + 1). What is the greatest common factor of 14 and u?
14
Let z(n) = n**2 + 4*n. Let b be z(-5). Suppose 72 = 5*k - o, -b*k - 1 + 79 = -4*o. What is the greatest common factor of k and 35?
7
Suppose -f = -3*v + 118, -3*v + 84 = -3*f - 30. What is the highest common divisor of v and 16?
8
Let n(d) = d**3 + 8*d**2 - 8*d - 6. Let i be n(5). What is the highest common divisor of 31 and i?
31
Suppose 0 = 3*c + c. Suppose 4*k = -4*b + 132, -4*k + 7 = -2*b + 55. Suppose 9*q - 4*q - b = c. What is the highest common factor of q and 4?
2
Let v = 27 - 24. Suppose -v*i + 64 = -p - 231, 4*i - 397 = 5*p. What is the greatest common divisor of 14 and i?
14
Let d(r) = 4*r**3 + r**2 - 3*r - 2. Let z be d(2). What is the greatest common factor of z and 112?
28
Let m be ((-8)/(-12))/((-5)/(-60)). What is the greatest common factor of m and 16?
8
Let y(g) = -4*g**3 + 36*g**2 + 9*g - 11. Let r be y(9). Calculate the highest common factor of 28 and r.
14
Suppose -h + 138 = -4*h. Let q be (0 + -3)*h/(-6). Let p = -12 - q. What is the greatest common divisor of p and 11?
11
Let m(o) be the second derivative of -o**4/12 + 7*o**3/6 + o**2/2 - 9*o. Let w be m(6). Calculate the greatest common factor of 56 and w.
7
Let c(o) = -o - 2. Let a be c(-6). Suppose -a + 2 = -p. Suppose p*x - 3*l = 10, 2*x + 3*x - 25 = -2*l. What is the greatest common factor of 